= 4 - 2. Calculate c(s).
-2
Let k(h) be the third derivative of -h**6/120 - h**5/10 + h**4/8 - 4*h**3/3 + 2*h**2. Suppose -144 = 621930*m - 621906*m. Determine k(m).
-26
Let y(m) be the first derivative of m**4/4 + m**3 - 3*m**2/2 - 7*m + 491. Determine y(-4).
-11
Suppose 2*b = 12*n - 8*n + 12, -5*n = 3*b - 7. Let y be n + -2 - ((-4 - 0) + -5). Let k(f) = f + 6. What is k(y)?
12
Let y(i) = -10*i**3 + 230*i**2 + 31*i + 319. Let z(u) = 7*u**3 - 164*u**2 - 22*u - 228. Let q(g) = 12*y(g) + 17*z(g). What is q(-28)?
8
Let j = -4508 - -4504. Let r(k) = -k**3 - 6*k**2 - 10*k - 11. Calculate r(j).
-3
Let b(g) = -12 + 3*g**3 + 12 + 6*g + 6*g**2 + 2. Let m(l) = 7*l**3 + 13*l**2 + 12*l + 5. Let x(j) = -9*b(j) + 4*m(j). Give x(4).
10
Let r(k) = 0*k + k - 4*k - 11 + 13 - k**2. Let y be r(-3). Let i(p) = -3*p**2 - 7 - 2*p + 2*p**3 + 8 + 2*p**2 - p. Give i(y).
7
Let h(m) = -2*m - 2. Let y be 2/7 - (-72)/315*-10. Let d(i) = i**3 + i**2 + i + 2. Let b be d(y). Calculate h(b).
6
Let o(j) = -j**3 - 7*j**2 + 9*j + 11. Let q be o(-8). Let k(z) = 34*z**3 - 67*z**3 + 32*z**q - 6*z**2 - 3 + 0 - 7*z. Determine k(-5).
7
Suppose 6*i - 54 = 2*w, 93*i - 96*i - 3*w = -27. Suppose 0 = 3*o - 4*m - 28, o - 24 = -4*o + m. Let n(q) = 3*q - 1 - 2*q - o*q + 4*q. Determine n(i).
8
Let i be 0 + -1 + ((-18)/(-21) - (-928)/224). Suppose 0 = -4*o + 9*o + 2*f - 19, 4*o = 4*f + 32. Let b(c) = -4*c + 4*c - c + o. Determine b(i).
1
Let c(v) = v**2 - 6*v + 7. Let h(z) = -3*z - 20. Let f be h(-8). Suppose 3*m + m - 5 = -i, 3*i + 1 = f*m. Let l be (-17 - -20) + (1 - (i - 3)). What is c(l)?
7
Let s(v) = 6*v**2 - 5 - 11*v**2 + 62*v**3 - 2*v - 61*v**3 - 2*v - v. Let d = -2 - -4. Suppose -n - 1 = -g, -g + d + 19 = 3*n. Give s(g).
1
Let v(b) = 3*b**3 + 20*b**2 + 9*b - 3. Let s(l) = 7*l + 121. Let i be s(-18). Let r(g) = 2*g**3 + 11*g**2 + 5*g - 2. Let k(y) = i*r(y) + 3*v(y). What is k(5)?
11
Suppose 3*d + b - 18 = 0, 0 = -3*d + 2*b - 0 + 9. Let p be -1*(3/(-3) + d + -1). Let a(q) = q**3 + 4*q**2 + 4*q + 1. What is a(p)?
-2
Let d(o) = 47*o**3 - 2*o**2 + 1. Let i(f) = -f**3 - 3*f**2 + f - 13. Let s be i(-4). Calculate d(s).
-48
Let j(q) = -q. Let l(s) be the third derivative of -s**3/6 + 32*s**2. Let h(g) = j(g) + 4*l(g). Let y = 10 - 13. Give h(y).
-1
Let j(x) = 357*x - 362*x + 3*x**3 + 3*x**2 + 37 - 31 - 4*x**3 + x**2. What is j(3)?
0
Let y(q) = -9*q**2 + 9*q. Let f(j) = j**2 + j + 1. Let n(d) = 5*f(d) - y(d). Let c(t) = 40*t**2 - 12*t + 15. Let l(i) = -6*c(i) + 17*n(i). Determine l(2).
-5
Let h(d) = 0*d**3 - 7*d - d**3 + 0 + 348*d**2 - 8 - 349*d**2. Calculate h(-2).
10
Let l(c) = -c + 8. Let r be l(0). Let i(v) = -v**3 + 7*v**2 + 6*v - 10. Let s(w) = 3*w + 3. Let x(u) = i(u) + s(u). What is x(r)?
1
Let s(m) = -m**3 - 17*m**2 - 15*m + 22. Suppose -2*q - 35 = -39. Suppose 4*d = 2 - 18, -24 = 2*r - q*d. Calculate s(r).
6
Let l(t) = -5*t + 8. Let j(q) = -5*q + 17. Let c(h) = -4*j(h) + 5*l(h). Give c(-13).
37
Suppose 1 = -a, -4*a + 391 - 135 = p. Let f(i) = -130 - 3*i + p - 137. Let y(z) = 2*z + 9. Let g be y(-7). Give f(g).
8
Let y(u) = 21*u - 18 + 59 - 17*u - u**3 - 23 - 21 + 3*u**2. Suppose 76 = -3*b + p - 3*p, 74 = -3*b - p. Let r be (b/(-9) + -3)*-12. Give y(r).
-3
Suppose -2*c = 2 - 98. Let v = -44 - c. Let l = v + 92. Let d(f) = -f**3 - 7. Determine d(l).
-7
Suppose 298*u + 1772 = -2169 + 961. Let r(k) = -10*k - 48. Calculate r(u).
52
Let h(a) = 35 + 34 + a - 70. Let i(n) = -n**3 + 7*n**2 + 17*n - 11. Let f(l) = -6*h(l) + i(l). Calculate f(8).
19
Let z be ((-12)/3 - -4)/(4/(-36)*-9). Let h(r) = r - 1. Give h(z).
-1
Suppose 67*q + 41*q + 108 = 0. Let b(r) be the third derivative of r**4/3 + r**3/6 + r**2. What is b(q)?
-7
Suppose -1154 - 821 = 50*x - 775. Let a(i) = -i**2 - 24*i + 11. Give a(x).
11
Let k(d) = d + 1. Let y(s) = -4*s**2 + 33*s - 79. Let m be y(5). Suppose -5*q = -4*v + 120, -3*q = 3*v - 4 + 49. Let b = q - m. Calculate k(b).
-5
Let p(q) = 11*q + 15. Let h(m) = -5*m - 6. Let c = 221 - 223. Let t(k) = c*p(k) - 5*h(k). Determine t(5).
15
Let z be (3/(-2))/(2/(-68)). Suppose -25*d - 269 = 906. Let t = d + z. Let r(j) = j**2 - j - 4. Give r(t).
8
Let m(c) = 2*c**2 - 35*c + 11. Let a be m(17). Let y = a - 1. Let s(z) = z**3 + 7*z**2 - 8*z - 16. Let t(d) = d + 1. Let v(j) = -s(j) - 6*t(j). What is v(y)?
-4
Let m(h) = h**3 - 8*h**2 + 5*h. Let x(c) = -4*c + 36. Let v be x(9). Suppose s = -2*l - 4 + 17, -2*s - 5*l + 29 = v. Give m(s).
-14
Let l(g) = -60*g + 350 + 20*g + 35*g + 15*g - 24. Determine l(-33).
-4
Let m(s) = -7*s**2 - 21*s + 9. Let c be (-262)/4 + 5/(-10). Let y = c + 59. Let o(a) = -10*a**2 - 31*a + 13. Let j(f) = y*m(f) + 5*o(f). Give j(-6).
14
Let n(z) = 92*z + 50. Let w(c) = 275*c + 132. Let v(p) = 8*n(p) - 3*w(p). Determine v(-1).
93
Let h = -161 - -164. Suppose -h*j - j - f = -14, 0 = j - 5*f - 14. Let y(t) = -t**3 + 4*t**2 + t + 5. Give y(j).
9
Let d = -368 + 370. Let f(u) = -u**3 - d*u**2 - 8 - 5*u - 6*u**2 - 8*u - 4*u**2. Determine f(-11).
14
Let x(z) = -z**3 - 7*z**2 - 6*z - 3. Let c be 0/(-3) + (-10693)/17. Let k = c - -623. Calculate x(k).
-3
Let d(n) be the second derivative of -n**4/12 - n**3/6 + n. Let g be 804/(-32) - (-2)/16. Let i(w) = -w**2 - 28*w - 72. Let s be i(g). What is d(s)?
-12
Suppose 4*a - a + 6 = 0. Let g = a - -4. Let c(l) = 47*l - 13. Let z(y) = 22*y - 6. Let o(n) = 7*c(n) - 15*z(n). Determine o(g).
-3
Let j(l) be the third derivative of l**6/120 + l**5/5 + l**4/2 + 7*l**3/6 - l**2 - 80*l. Suppose 0 = -5*b + 5*k - 40, -3*b + 5*k = 5 + 13. Calculate j(b).
-4
Let b(y) be the first derivative of -3*y**4/4 - 10*y**3/3 + 3*y**2 + 3*y - 5303. Give b(1).
-4
Let j = 16225 + -16229. Let u(q) = -q**3 - 10*q**2 - 21*q - 6. Determine u(j).
-18
Let t(h) be the second derivative of -5/12*h**4 - 97*h + 1/2*h**3 + 0 - 3*h**2 + 1/20*h**5. What is t(5)?
9
Let u(q) = q**3 + 8*q - 579 - 566 + 1152 + 9*q**2. Let a = -14 + 6. Determine u(a).
7
Let n(m) = -m**3 - 5*m**2 + 6*m - 7. Let b = -28 - 7. Let i be (-3)/(15/(-2)) + 224/b. Determine n(i).
-7
Suppose 0 = 4*l + 2*t + 46, -6*l = -5*l + 2*t + 10. Let q(k) be the third derivative of k**4/12 + 29*k**3/6 - 5*k**2 - 289*k - 1. Give q(l).
5
Let z be (39 - 60)*(-1)/3 - (3 - -1). Let g(n) = -4*n**3 - 9*n**2 + 8*n - 19. Let q(c) = -2*c**3 - 4*c**2 + 4*c - 9. Let h(y) = 6*g(y) - 13*q(y). What is h(z)?
27
Suppose -2*n - 3*l = 3 + 11, 14 = -2*n + 4*l. Let o be (-2 - 2)/(-1) - (-140 + 11). Let z(m) = m - 127 + 2*m + o - m. What is z(n)?
-8
Let f(s) be the second derivative of 0 - 192*s + 1/12*s**4 - 1/6*s**3 - 2*s**2. Calculate f(-6).
38
Let b(p) = p + 2. Let w(l) = -l**3 + 12*l + 9. Let a be w(-4). Suppose -135 = -4*t + a. Let g = 36 - t. Give b(g).
-2
Let i(q) = -1 + 6*q + 8 - 3 + 0. Suppose 9 = -3*m - 5*f, -2*m - 5 - 1 = 4*f. Calculate i(m).
-14
Let r(i) be the second derivative of 5*i + 3/2*i**2 + 1/12*i**4 - 2*i**3 - 15. Calculate r(12).
3
Let x(m) be the third derivative of m**5/60 + 5*m**4/24 + m**3/6 + 45*m**2 - 1. Suppose 80*q + 14 = 78*q. What is x(q)?
15
Let w = -428 + 434. Let k(x) = x + 2. Let r(i) = -8*i - 17. Let b(y) = w*k(y) + r(y). What is b(-6)?
7
Let f(a) = -a**2 + 6*a - 2. Suppose 2*w + 30 = 7*w, -5*w + 22 = -4*x. Give f(x).
6
Suppose -4*d + 1 = -3*g - 45, 56 = 4*d + 2*g. Let o(t) = t**3 - 15*t**2 + 27*t - 18. What is o(d)?
-5
Let m(p) = -32*p - 126. Let u be m(-4). Let c be 16/(-12)*(u + 4). Let n(h) = -2*h - 10. What is n(c)?
6
Let u(b) = -b**2 - 30*b - 34. Let q(j) = -4*j + 1. Let v(d) = 4*q(d) - u(d). Determine v(-6).
-10
Let o(u) = -u**2 + 3*u - 1. Suppose -r + 4*r - 39 = 5*v, 0 = 3*v - r + 21. Let c(w) = -3*w**2 - 68*w - 36. Let m be c(-22). Let h = m + v. What is o(h)?
1
Suppose 3*l = -5*p - 23, -24*l - 2*p - 10 = -22*l. Let m(i) be the first derivative of 23*i**4/4 + i**3/3 + i**2/2 + i - 12. Give m(l).
-22
Let h(l) be the first derivative of l**4/4 - 4*l**3/3 - 2*l**2 - 9*l - 113. Suppose -11 = -d - w - w, 3*d - 18 = -w. What is h(d)?
-4
Suppose 2*o + 5*m = 37, 3*o + 1 + 6 = 5*m. Suppose -2*w - 13 = -o*v + 5*v, v = -5*w - 15. Let k(x) = -7*x + 2. Calculate k(w).
30
Let s(n) = -7*n**2 + 15*n + 7. Let j(a) be the first derivative of -13*a**3/3 + 29*a**2/2 + 13*a - 81. Let o(f) = 6*j(f) - 11*s(f). Determine o(7).
15
Let y(v) = v**3 - v**2 + v - 6. Let n(t) = -7*t**3 + 13*t**2 - 10*t + 34. Let b(j) 